rime factors of 724628?
2, 181157
What are the prime factors of 151891?
193, 787
What are the prime factors of 23985?
3, 5, 13, 41
What are the prime factors of 2428878?
2, 3, 331, 1223
What are the prime factors of 1156137?
3, 385379
What are the prime factors of 27690448?
2, 19, 79, 1153
List the prime factors of 13919214.
2, 3, 101, 103, 223
List the prime factors of 994893.
3, 37, 8963
What are the prime factors of 433819?
139, 3121
What are the prime factors of 18676005?
3, 5, 1245067
List the prime factors of 1454667.
3, 61, 7949
List the prime factors of 193151.
7, 41, 673
What are the prime factors of 2163994?
2, 7, 154571
What are the prime factors of 4362774?
2, 3, 13, 55933
What are the prime factors of 35359588?
2, 11, 43, 1699
List the prime factors of 12293099.
7, 13, 135089
What are the prime factors of 6185592?
2, 3, 7, 4091
What are the prime factors of 572028?
2, 3, 73, 653
What are the prime factors of 2244663?
3, 17, 863
What are the prime factors of 85422?
2, 3, 23, 619
What are the prime factors of 3421074?
2, 3, 109, 5231
List the prime factors of 2627986.
2, 379, 3467
List the prime factors of 3232667.
839, 3853
List the prime factors of 1102593.
3, 367531
What are the prime factors of 5860444?
2, 17, 86183
List the prime factors of 7075611.
3, 786179
List the prime factors of 1469153.
7, 41, 5119
List the prime factors of 8317618.
2, 4158809
List the prime factors of 6725110.
2, 5, 7, 191, 503
List the prime factors of 7623965.
5, 83, 18371
List the prime factors of 388116.
2, 3, 10781
List the prime factors of 14547.
3, 13, 373
List the prime factors of 2270582.
2, 1135291
List the prime factors of 2707420.
2, 5, 17, 7963
List the prime factors of 238804.
2, 227, 263
What are the prime factors of 379114?
2, 131, 1447
What are the prime factors of 862219?
862219
What are the prime factors of 18760?
2, 5, 7, 67
List the prime factors of 391839.
3, 7, 47, 397
What are the prime factors of 8830657?
11, 802787
What are the prime factors of 2069729?
2069729
What are the prime factors of 5066261?
101, 103, 487
List the prime factors of 1118424.
2, 3, 46601
What are the prime factors of 25799405?
5, 5159881
What are the prime factors of 2579900?
2, 5, 25799
What are the prime factors of 676974?
2, 3, 17, 6637
What are the prime factors of 9740006?
2, 331, 14713
What are the prime factors of 490165?
5, 13, 7541
What are the prime factors of 3696848?
2, 231053
List the prime factors of 12136922.
2, 7, 43, 20161
What are the prime factors of 1611783?
3, 31, 53, 109
What are the prime factors of 464130?
2, 3, 5, 191
List the prime factors of 19528484.
2, 29, 79, 2131
What are the prime factors of 2699912?
2, 337489
List the prime factors of 5526574.
2, 2763287
List the prime factors of 290571.
3, 96857
What are the prime factors of 1814411?
227, 7993
What are the prime factors of 3315757?
3315757
List the prime factors of 129108.
2, 3, 7, 29, 53
List the prime factors of 419662.
2, 17, 12343
List the prime factors of 463587.
3, 41, 3769
List the prime factors of 5304459.
3, 17, 104009
List the prime factors of 329634.
2, 3, 18313
What are the prime factors of 1583087?
11, 71, 2027
What are the prime factors of 4497032?
2, 562129
List the prime factors of 1620387.
3, 180043
List the prime factors of 1787680.
2, 5, 11173
List the prime factors of 1021688.
2, 127711
What are the prime factors of 471629?
251, 1879
List the prime factors of 6375021.
3, 137, 15511
What are the prime factors of 2104803?
3, 97, 2411
What are the prime factors of 7201430?
2, 5, 211, 3413
List the prime factors of 562941.
3, 62549
List the prime factors of 7546241.
7546241
What are the prime factors of 686611?
686611
What are the prime factors of 2760150?
2, 3, 5, 18401
What are the prime factors of 3217421?
3217421
What are the prime factors of 206950?
2, 5, 4139
List the prime factors of 11800983.
3, 1451, 2711
What are the prime factors of 160089?
3, 17, 43, 73
List the prime factors of 420054.
2, 3, 70009
List the prime factors of 1785957.
3, 595319
List the prime factors of 6091679.
11, 553789
What are the prime factors of 2600787?
3, 7, 271, 457
What are the prime factors of 1743874?
2, 11, 31, 2557
What are the prime factors of 197433?
3, 21937
What are the prime factors of 375470?
2, 5, 37547
List the prime factors of 980710.
2, 5, 101, 971
What are the prime factors of 2293557?
3, 7, 149, 733
List the prime factors of 19904981.
19904981
List the prime factors of 90630.
2, 3, 5, 19, 53
What are the prime factors of 4964042?
2, 367, 6763
What are the prime factors of 107746?
2, 17, 3169
List the prime factors of 16065216.
2, 3, 1033
List the prime factors of 738287.
11, 41, 1637
List the prime factors of 1157131.
1157131
List the prime factors of 202438.
2, 127, 797
What are the prime factors of 15520375?
5, 13, 9551
What are the prime factors of 89834?
2, 44917
What are the prime factors of 306969?
3, 13, 17, 463
What are the prime factors of 24675834?
2, 3, 727, 5657
What are the prime factors of 2872046?
2, 1436023
List the prime factors of 136809.
3, 563
List the prime factors of 1065962.
2, 532981
List the prime factors of 1799774.
2, 53, 16979
List the prime factors of 353810.
2, 5, 35381
What are the prime factors of 23935433?
23, 1040671
What are the prime factors of 4362617?
7, 23, 79
List the prime factors of 10824290.
2, 5, 1082429
List the prime factors of 17023315.
5, 71, 79, 607
What are the prime factors of 4210957?
509, 8273
List the prime factors of 4534191.
3, 61, 2753
List the prime factors of 92643.
3, 30881
List the prime factors of 8806050.
2, 3, 5, 11, 593
List the prime factors of 692123.
227, 3049
What are the prime factors of 1132806?
2, 3, 188801
What are the prime factors of 4087640?
2, 5, 102191
What are the prime factors of 2187912?
2, 3, 91163
List the prime factors of 124260.
2, 3, 5, 19, 109
What are the prime factors of 6359928?
2, 3, 264997
What are the prime factors of 597177?
3, 7, 9479
List the prime factors of 2046441.
3, 682147
What are the prime factors of 228995?
5, 13, 271
What are the prime factors of 1121614?
2, 13, 179, 241
What are the prime factors of 323167?
13, 24859
List the prime factors of 164110.
2, 5, 16411
What are the prime factors of 140561?
367, 383
List the prime factors of 2440050.
2, 3, 5, 16267
What are the prime factors of 1250545?
5, 250109
What are the prime factors of 1786214?
2, 893107
List the prime factors of 7066870.
2, 5, 223, 3169
List the prime factors of 17551610.
2, 5, 1755161
List the prime factors of 8766.
2, 3, 487
List the prime factors of 1281407.
1281407
What are the prime factors of 571975?
5, 137, 167
List the prime factors of 71187.
3, 61, 389
What are the prime factors of 21644212?
2, 5411053
What are the prime factors of 1662843?
3, 7, 13, 6091
List the prime factors of 8883754.
2, 11, 19, 53, 401
What are the prime factors of 1255682?
2, 627841
List the prime factors of 3283667.
113, 29059
List the prime factors of 2032583.
7, 290369
What are the prime factors of 9872532?
2, 3, 274237
List the prime factors of 6184979.
1399, 4421
What are the prime factors of 173472?
2, 3, 13, 139
What are the prime factors of 10329136?
2, 645571
List the prime factors of 1124452.
2, 7, 5737
What are the prime factors of 751456?
2, 23, 1021
What are the prime factors of 283638?
2, 3, 41, 1153
What are the prime factors of 691090?
2, 5, 69109
List the prime factors of 49102.
2, 24551
What are the prime factors of 1627368?
2, 3, 67807
What are the prime factors of 87921?
3, 9769
List the prime factors of 76920.
2, 3, 5, 641
List the prime factors of 95917.
95917
List the prime factors of 1496720.
2, 5, 53, 353
What are the prime factors of 1395503?
941, 1483
List the prime factors of 6713229.
3, 2237743
List the prime factors of 3863867.
7, 551981
List the prime factors of 3827189.
19, 157, 1283
List the prime factors of 319046.
2, 7, 13, 1753
What are the prime factors of 701438?
2, 350719
List the prime factors of 52417.
23, 43, 53
List the prime factors of 2220799.
7, 317257
List the prime factors of 862761.
3, 31, 9277
What are the prime factors of 11169732?
2, 3, 7, 103, 1291
List the prime factors of 4334.
2, 11, 197
What are the prime factors of 28669481?
89, 131, 2459
